{"version":"1.0","provider_name":"Balkonada","provider_url":"https:\/\/balkonada.cafeblog.hu","author_name":"Nagy Juc\u00f3","author_url":"https:\/\/balkonada.cafeblog.hu\/author\/nagyjucokagmail-com\/","title":"Csin\u00e1lj vir\u00e1gtart\u00f3t t\u00f6kb\u0151l!","html":"<p>Nem tudom Te hogy vagy vele, de \u00e9n nem vagyok\u00a0oda a\u00a0<strong><a title=\"Halloween\" href=\"https:\/\/viragotegymosolyert.hu\/halloween-a-bohokas-oromunnep\/\" target=\"_blank\" rel=\"noopener\">Halloween\u00e9rt,<\/a> b\u00e1rmennyire trendi is. Kihagyom az eszement partikat \u00e9s a t\u00f6kfarag\u00e1st is meghagyom m\u00e1soknak. Azaz pontos\u00edtok. Sz\u00edvesen haszn\u00e1l<\/strong>om a t\u00f6k\u00f6t \u0151szi dekor\u00e1ci\u00f3s alapnak, amihez a belsej\u00e9t az\u00e9rt ki kell faragni. Ezek a vir\u00e1gokkal teli, term\u00e9szetes d\u00edszek sokkal k\u00f6zelebb \u00e1llnak a lelk\u00fcletemhez, mint az angolsz\u00e1sz orsz\u00e1gokb\u00f3l \u00e1tvett faragott l\u00e1mp\u00e1sok.<\/p>\r\n<p>&nbsp;<\/p>\r\n<p><a href=\"https:\/\/balkonada.cafeblog.hu\/files\/2014\/10\/Kir\u00e1ly_013.jpg\"><img class=\"aligncenter size-large wp-image-3341\" src=\"https:\/\/balkonada.cafeblog.hu\/files\/2014\/10\/Kir\u00e1ly_013-600x450.jpg\" alt=\"Kir\u00e1ly_013\" width=\"600\" height=\"450\" \/><\/a><\/p>\r\n<p>&nbsp;<\/p>\r\n<p>A t\u00f6k dekor\u00e1ci\u00f3hoz \u00e9rdemes olyan d\u00edsz- vagy s\u00fct\u0151t\u00f6k\u00f6t v\u00e1lasztani, aminek egyenes a talpa \u00e9s stabilan meg\u00e1ll mag\u00e1t\u00f3l. A t\u00f6k sapk\u00e1j\u00e1t a fels\u0151 2\/3 r\u00e9szn\u00e9l c\u00e9lszer\u0171 lev\u00e1gni, mert \u00edgy kapunk majd aranyos, harmonikus dekor\u00e1ci\u00f3t.<\/p>\r\n<p>&nbsp;<\/p>\r\n<p><a href=\"https:\/\/balkonada.cafeblog.hu\/files\/2014\/10\/76931.jpg\"><img class=\"aligncenter size-large wp-image-3339\" src=\"https:\/\/balkonada.cafeblog.hu\/files\/2014\/10\/76931-600x450.jpg\" alt=\"76931\" width=\"600\" height=\"450\" \/><\/a><\/p>\r\n<p>&nbsp;<\/p>\r\n<p>A t\u00f6k belsej\u00e9t alaposan ki kell v\u00e1jni, hogy min\u00e9l kevesebb l\u00e1gy r\u00e9sz maradjon benne, hisz \u00edgy biztos\u00edthat\u00f3 majd, hogy ne kezdjen el r\u00f6gt\u00f6n rothadni.\u00a0Aj\u00e1nlatos a kiv\u00e1jt t\u00f6k\u00f6t egy napig sz\u00e1radni hagyni. Ezut\u00e1n j\u00f6het bele a p\u00e1r percre v\u00edzben be\u00e1ztatott nedves t\u0171z\u0151hab, amivel teljesen ki kell b\u00e9lelni a t\u00f6k belsej\u00e9t. A t\u00f6k m\u00e9ret\u00e9t\u0151l f\u00fcgg\u0151en a t\u0171z\u0151hab 1-2 cm-rel legyen magasabb a t\u00f6k perem\u00e9n\u00e9l. A t\u0171z\u0151hab sarkait aj\u00e1nlatos lev\u00e1gni, mert \u00edgy nagyobb fel\u00fcletet kapunk a vir\u00e1gok besz\u00far\u00e1s\u00e1hoz.<\/p>\r\n<p>&nbsp;<\/p>\r\n<p><a href=\"https:\/\/balkonada.cafeblog.hu\/files\/2014\/10\/boros.jpg\"><img class=\"aligncenter size-large wp-image-3340\" src=\"https:\/\/balkonada.cafeblog.hu\/files\/2014\/10\/boros-594x600.jpg\" alt=\"boros\" width=\"594\" height=\"600\" \/><\/a><\/p>\r\n<p>&nbsp;<\/p>\r\n<p>Ezut\u00e1n k\u00f6vetkezhet a vir\u00e1gok, z\u00f6ldek \u00e9s term\u00e9sek bet\u0171z\u00e9se a t\u0171z\u0151habba. \u00a0A v\u00e9geredm\u00e9ny akkor lesz eszt\u00e9tikus, ha a vir\u00e1gokat \u00fagy helyezz\u00fck el, hogy a k\u00f6zep\u00e9t\u0151l alacsonyod\u00f3 \u00edvet, szinte egy f\u00e9lg\u00f6mb form\u00e1t alak\u00edtunk ki.<\/p>\r\n<p>&nbsp;<\/p>\r\n<p><a href=\"https:\/\/balkonada.cafeblog.hu\/files\/2014\/10\/okt\u00f3ber_060.jpg\"><img class=\"aligncenter size-large wp-image-3278\" src=\"https:\/\/balkonada.cafeblog.hu\/files\/2014\/10\/okt\u00f3ber_060-600x450.jpg\" alt=\"okt\u00f3ber_060\" width=\"600\" height=\"450\" \/><\/a><\/p>\r\n<p>A sz\u00ednek kiv\u00e1laszt\u00e1s\u00e1n\u00e1l is t\u00f6rekedj\u00fcnk a harm\u00f3ni\u00e1ra. \u00a0Naponta \u00e9rdemes v\u00edzzel lespriccelni a vir\u00e1gokat, k\u00e9t naponta a pedig a t\u0171z\u0151habra \u00f6nt\u00f6tt v\u00edzzel kell p\u00f3tolni az elp\u00e1rolgott v\u00edz mennyis\u00e9get.<\/p>\r\n<div>\u00a0<\/div>\r\n<div><a href=\"https:\/\/balkonada.cafeblog.hu\/files\/2014\/10\/okt\u00f3ber_063.jpg\"><img class=\"aligncenter size-large wp-image-3272\" src=\"https:\/\/balkonada.cafeblog.hu\/files\/2014\/10\/okt\u00f3ber_063-600x450.jpg\" alt=\"okt\u00f3ber_063\" width=\"600\" height=\"450\" \/><\/a><\/div>\r\n<div>\u00a0<\/div>\r\n<div>\u00a0<\/div>\r\n<div>\u00a0<\/div>\r\n<div>Ha a\u00a0d\u00edszt\u00f6k nem \u00e1ll meg\u00a0egyenesen a talp\u00e1n, egy kis kerek form\u00e1ba \u00e1ll\u00edtva stabiliz\u00e1lhatjuk.<\/div>\r\n<div>\u00a0<\/div>\r\n<div>\u00a0<\/div>\r\n<div><a href=\"https:\/\/balkonada.cafeblog.hu\/files\/2014\/10\/okt\u00f3ber_207.jpg\"><img class=\"aligncenter size-large wp-image-3284\" src=\"https:\/\/balkonada.cafeblog.hu\/files\/2014\/10\/okt\u00f3ber_207-600x450.jpg\" alt=\"okt\u00f3ber_207\" width=\"600\" height=\"450\" \/><\/a><\/div>\r\n<div>\u00a0<\/div>\r\n<div>\u00a0<\/div>\r\n<div>\u00a0<\/div>\r\n<div>Nedves t\u0171z\u0151hab helyett azt is csin\u00e1lhatod, hogy egy konzerv dobozt, egy \u00fcvegpoharat vagy egy m\u0171anyag palack \u00a0lev\u00e1gott alj\u00e1t illeszted a t\u00f6k belsej\u00e9be. El\u0151tte a t\u00f6k\u00f6t ak\u00e1r \u00edzl\u00e9sed szerint ki is faraghatod. Az ed\u00e9nyt megt\u00f6lt\u00f6d v\u00edzzel \u00e9s mint egy v\u00e1z\u00e1ban, \u00edzl\u00e9sesen elhelyezed a vir\u00e1gokat.<\/div>\r\n<div>\u00a0<\/div>\r\n<div>\u00a0<\/div>\r\n<div><a href=\"http:\/\/www.pinterest.com\/pin\/472385448389093238\/\"><img class=\"aligncenter size-full wp-image-3342\" src=\"https:\/\/balkonada.cafeblog.hu\/files\/2014\/10\/pin.jpg\" alt=\"pin\" width=\"360\" height=\"480\" \/><\/a><\/div>\r\n<p>&nbsp;<\/p>\r\n<p>Tov\u00e1bbi <a title=\"\u0150szi lak\u00e1s d\u00edszek sk\" href=\"https:\/\/balkonada.cafeblog.hu\/2014\/10\/20\/latvanyos-oszi-lakasdiszek-hazilag\/\" target=\"_blank\" rel=\"noopener\">saj\u00e1t kez\u0171leg k\u00e9sz\u00edtheti \u0151szi dekor\u00e1ci\u00f3kat tal\u00e1lsz itt.<\/a><\/p>","type":"rich","thumbnail_url":"https:\/\/balkonada.cafeblog.hu\/files\/2014\/10\/76931-150x150.jpg","thumbnail_width":150,"thumbnail_height":150}

Nagy Jucó

Csinálj virágtartót tökből!

<p>Nem tudom Te hogy vagy vele, de én nem vagyok oda a <strong><a title="Halloween" href="https://viragotegymosolyert.hu/halloween-a-bohokas-oromunnep/" target="_blank" rel="noopener">Halloweenért,</a> bármennyire trendi is. Kihagyom az eszement partikat és a tökfaragást is meghagyom másoknak. Azaz pontosítok. Szívesen használ</strong>om a tököt őszi dekorációs alapnak, amihez a belsejét azért ki kell faragni. Ezek a virágokkal teli, természetes díszek sokkal közelebb állnak a lelkületemhez, mint az angolszász országokból átvett faragott lámpások.</p>
<p>&nbsp;</p>
<p><a href="https://balkonada.cafeblog.hu/files/2014/10/Király_013.jpg"><img class="aligncenter size-large wp-image-3341" src="https://balkonada.cafeblog.hu/files/2014/10/Király_013-600x450.jpg" alt="Király_013" width="600" height="450" /></a></p>
<p>&nbsp;</p>
<p>A tök dekorációhoz érdemes olyan dísz- vagy sütőtököt választani, aminek egyenes a talpa és stabilan megáll magától. A tök sapkáját a felső 2/3 résznél célszerű levágni, mert így kapunk majd aranyos, harmonikus dekorációt.</p>
<p>&nbsp;</p>
<p><a href="https://balkonada.cafeblog.hu/files/2014/10/76931.jpg"><img class="aligncenter size-large wp-image-3339" src="https://balkonada.cafeblog.hu/files/2014/10/76931-600x450.jpg" alt="76931" width="600" height="450" /></a></p>
<p>&nbsp;</p>
<p>A tök belsejét alaposan ki kell vájni, hogy minél kevesebb lágy rész maradjon benne, hisz így biztosítható majd, hogy ne kezdjen el rögtön rothadni. Ajánlatos a kivájt tököt egy napig száradni hagyni. Ezután jöhet bele a pár percre vízben beáztatott nedves tűzőhab, amivel teljesen ki kell bélelni a tök belsejét. A tök méretétől függően a tűzőhab 1-2 cm-rel legyen magasabb a tök pereménél. A tűzőhab sarkait ajánlatos levágni, mert így nagyobb felületet kapunk a virágok beszúrásához.</p>
<p>&nbsp;</p>
<p><a href="https://balkonada.cafeblog.hu/files/2014/10/boros.jpg"><img class="aligncenter size-large wp-image-3340" src="https://balkonada.cafeblog.hu/files/2014/10/boros-594x600.jpg" alt="boros" width="594" height="600" /></a></p>
<p>&nbsp;</p>
<p>Ezután következhet a virágok, zöldek és termések betűzése a tűzőhabba.  A végeredmény akkor lesz esztétikus, ha a virágokat úgy helyezzük el, hogy a közepétől alacsonyodó ívet, szinte egy félgömb formát alakítunk ki.</p>
<p>&nbsp;</p>
<p><a href="https://balkonada.cafeblog.hu/files/2014/10/október_060.jpg"><img class="aligncenter size-large wp-image-3278" src="https://balkonada.cafeblog.hu/files/2014/10/október_060-600x450.jpg" alt="október_060" width="600" height="450" /></a></p>
<p>A színek kiválasztásánál is törekedjünk a harmóniára.  Naponta érdemes vízzel lespriccelni a virágokat, két naponta a pedig a tűzőhabra öntött vízzel kell pótolni az elpárolgott víz mennyiséget.</p>
<div> </div>
<div><a href="https://balkonada.cafeblog.hu/files/2014/10/október_063.jpg"><img class="aligncenter size-large wp-image-3272" src="https://balkonada.cafeblog.hu/files/2014/10/október_063-600x450.jpg" alt="október_063" width="600" height="450" /></a></div>
<div> </div>
<div> </div>
<div> </div>
<div>Ha a dísztök nem áll meg egyenesen a talpán, egy kis kerek formába állítva stabilizálhatjuk.</div>
<div> </div>
<div> </div>
<div><a href="https://balkonada.cafeblog.hu/files/2014/10/október_207.jpg"><img class="aligncenter size-large wp-image-3284" src="https://balkonada.cafeblog.hu/files/2014/10/október_207-600x450.jpg" alt="október_207" width="600" height="450" /></a></div>
<div> </div>
<div> </div>
<div> </div>
<div>Nedves tűzőhab helyett azt is csinálhatod, hogy egy konzerv dobozt, egy üvegpoharat vagy egy műanyag palack  levágott alját illeszted a tök belsejébe. Előtte a tököt akár ízlésed szerint ki is faraghatod. Az edényt megtöltöd vízzel és mint egy vázában, ízlésesen elhelyezed a virágokat.</div>
<div> </div>
<div> </div>
<div><a href="http://www.pinterest.com/pin/472385448389093238/"><img class="aligncenter size-full wp-image-3342" src="https://balkonada.cafeblog.hu/files/2014/10/pin.jpg" alt="pin" width="360" height="480" /></a></div>
<p>&nbsp;</p>
<p>További <a title="Őszi lakás díszek sk" href="https://balkonada.cafeblog.hu/2014/10/20/latvanyos-oszi-lakasdiszek-hazilag/" target="_blank" rel="noopener">saját kezűleg készítheti őszi dekorációkat találsz itt.</a></p>
