{"version":"1.0","provider_name":"Balkonada","provider_url":"https:\/\/balkonada.cafeblog.hu","author_name":"Jucooo","author_url":"https:\/\/balkonada.cafeblog.hu\/author\/nagyjucoviragutazo-hu\/","title":"Vadsz\u0151l\u0151t a balkonra is!","html":"<p>A teraszra sz\u00e1nt n\u00f6v\u00e9nyek tervezget\u00e9sekor sokan csak az egyny\u00e1ri \u00e9s a sz\u00ednes vir\u00e1gukkal d\u00edsz\u00edt\u0151 n\u00f6v\u00e9nyekben gondolkodnak. \u00c9rdemes azonban a k\u00fasz\u00f3n\u00f6v\u00e9nyek k\u00f6z\u00f6tt is sz\u00e9tn\u00e9zni, hisz a gyorsan n\u00f6v\u0151 habitusukkal r\u00f6vid id\u0151 alatt l\u00e1tv\u00e1nyos eredm\u00e9nyeket \u00e9rhet\u00fcnk el. A ny\u00e1ron \u00fcde z\u00f6ldj\u00e9vel, \u0151sszel pedig a csod\u00e1latos v\u00f6r\u00f6s sz\u00edn\u0171 leveleivel d\u00edsz\u00edt\u0151 vadsz\u0151l\u0151t\u0151l sokan \u00f3dzkodnak. A n\u00e9pszer\u0171tlens\u00e9g\u00e9nek oka els\u0151sorban egy t\u00e9vhit, miszerint t\u00f6nkreteszi a vakolatot. Val\u00f3j\u00e1ban a tapad\u00f3korongokkal a falra kapaszkod\u00f3 \u00e9s gyorsan magasra \u00e1gaskod\u00f3 n\u00f6v\u00e9ny nem rong\u00e1lja a vakolatot, kiv\u00e9ve, ha a tapad\u00f3 korongokat er\u0151szakkal lev\u00e1lasztjuk a falr\u00f3l.<\/p>\r\n<p>&nbsp;<\/p>\r\n[caption id=\"attachment_2920\" align=\"aligncenter\" width=\"600\"]<a href=\"https:\/\/balkonada.cafeblog.hu\/files\/2014\/09\/zsuzsanna.jpg\"><img class=\"wp-image-2920 size-large\" src=\"https:\/\/balkonada.cafeblog.hu\/files\/2014\/09\/zsuzsanna-600x450.jpg\" alt=\"zsuzsanna\" width=\"600\" height=\"450\" \/><\/a> Volszky Zsuzsanna els\u0151 emeleti erk\u00e9lye[\/caption]\r\n<p>&nbsp;<\/p>\r\n<p>A repk\u00e9nysz\u0151l\u0151nek is h\u00edvott vadsz\u0151l\u0151nek t\u00f6bb faja ismert. Ak\u00e1r a h\u00e1rom, ak\u00e1r az \u00f6tlevel\u0171 v\u00e1ltozat mellett d\u00f6nt\u00fcnk, ny\u00e1ron \u00e9s \u0151sszel\u00a0gy\u00f6ny\u00f6r\u0171 l\u00e1tv\u00e1nyra sz\u00e1m\u00edthatunk. Ny\u00e1ron a lombja term\u00e9szetes \u00e1rny\u00e9kol\u00f3 \u00e9s h\u0151szigetel\u0151 r\u00e9tegk\u00e9nt szolg\u00e1l, a lak\u00e1s bels\u0151 h\u0151m\u00e9rs\u00e9klet\u00e9t is alacsonyabban tartja.<\/p>\r\n<p>&nbsp;<\/p>\r\n[caption id=\"attachment_2921\" align=\"aligncenter\" width=\"350\"]<a href=\"https:\/\/balkonada.cafeblog.hu\/files\/2014\/09\/zsuzsanna2.jpg\"><img class=\"wp-image-2921 size-full\" src=\"https:\/\/balkonada.cafeblog.hu\/files\/2014\/09\/zsuzsanna2.jpg\" alt=\"zsuzsanna2\" width=\"350\" height=\"466\" \/><\/a> Volszky Zsuzsanna els\u0151 emeleti erk\u00e9lye[\/caption]\r\n<p>&nbsp;<\/p>\r\n<p>\u0150sszel az elsz\u00ednez\u0151d\u00f6tt levelek csak r\u00f6vid ideig d\u00edsz\u00edtenek, kor\u00e1n lehullanak. A ny\u00e1ri\u00a0z\u00f6ldess\u00e1rga vir\u00e1gai jellegtelenek, amik \u00a0ny\u00e1r v\u00e9g\u00e9re k\u00e9kesfekete term\u00e9ss\u00e9 alakulnak. K\u00f6nnyen alak\u00edthat\u00f3, b\u00e1tran metszhet\u0151.<\/p>\r\n<p>&nbsp;<\/p>\r\n<p><a href=\"https:\/\/balkonada.cafeblog.hu\/files\/2014\/09\/Marton_091.jpg\"><img class=\"aligncenter size-large wp-image-2922\" src=\"https:\/\/balkonada.cafeblog.hu\/files\/2014\/09\/Marton_091-600x450.jpg\" alt=\"Marton_091\" width=\"600\" height=\"450\" \/><\/a><\/p>\r\n<p>&nbsp;<\/p>\r\n<p>Az \u00e1rny\u00e9kos vagy f\u00e9l\u00e1rny\u00e9kos helyet szereti. A b\u0151s\u00e9ges \u00f6nt\u00f6z\u00e9st gyors n\u00f6veked\u00e9ssel h\u00e1l\u00e1lja meg.<\/p>\r\n<p>&nbsp;<\/p>\r\n<p><a href=\"https:\/\/balkonada.cafeblog.hu\/files\/2014\/09\/okt\u00f3ber_046.jpg\"><img class=\"aligncenter size-large wp-image-2923\" src=\"https:\/\/balkonada.cafeblog.hu\/files\/2014\/09\/okt\u00f3ber_046-600x450.jpg\" alt=\"okt\u00f3ber_046\" width=\"600\" height=\"450\" \/><\/a><\/p>\r\n<p>&nbsp;<\/p>\r\n<p>A lev\u00e1gott sz\u00e1rakb\u00f3l ak\u00e1r egy egyszer\u0171, term\u00e9szetes kopogtat\u00f3t is k\u00e9sz\u00edthet\u00fcnk az ind\u00e1k \u00f6sszeteker\u00e9s\u00e9vel. Nem t\u00fal tart\u00f3s, mert a levelek hamar lehullanak, de a sz\u00e1r megsz\u00e1rad \u00e9s a d\u00edsz megtartja form\u00e1j\u00e1t. \u00a0A levelek lehull\u00e1sa ut\u00e1n az alapot tov\u00e1bbi \u0151szi d\u00edszek k\u00e9sz\u00edt\u00e9s\u00e9hez felhaszn\u00e1lhatjuk.<\/p>\r\n<p>&nbsp;<\/p>\r\n<p><a href=\"https:\/\/balkonada.cafeblog.hu\/files\/2014\/09\/Szeptember_020.jpg\"><img class=\"aligncenter size-full wp-image-2925\" src=\"https:\/\/balkonada.cafeblog.hu\/files\/2014\/09\/Szeptember_020.jpg\" alt=\"Szeptember_020\" width=\"500\" height=\"375\" \/><\/a><\/p>\r\n<p>&nbsp;<\/p>\r\n<p>&nbsp;<\/p>\r\n<p><a href=\"https:\/\/balkonada.cafeblog.hu\/files\/2014\/09\/Szeptember_033.jpg\"><img class=\"aligncenter size-large wp-image-2929\" src=\"https:\/\/balkonada.cafeblog.hu\/files\/2014\/09\/Szeptember_033-600x450.jpg\" alt=\"Szeptember_033\" width=\"600\" height=\"450\" \/><\/a><\/p>\r\n<p>&nbsp;<\/p>\r\n<p>Csod\u00e1s k\u00e9k term\u00e9sei fantasztikus dekor\u00e1ci\u00f3k alapjai lehetnek.<\/p>\r\n<p>&nbsp;<\/p>\r\n<p><a href=\"https:\/\/balkonada.cafeblog.hu\/files\/2014\/09\/Albert_058.jpg\"><img class=\"aligncenter size-large wp-image-2931\" src=\"https:\/\/balkonada.cafeblog.hu\/files\/2014\/09\/Albert_058-450x600.jpg\" alt=\"Albert_058\" width=\"450\" height=\"600\" \/><\/a><\/p>\r\n<p>&nbsp;<\/p>\r\n<p>Nem szeretn\u00e9l lemaradni a vir\u00e1gos h\u00edrekr\u0151l? L\u00e1jkold a\u00a0<a style=\"color: #1375d7\" title=\"Balkonada a Facebookon\" href=\"https:\/\/www.facebook.com\/balkonada\" target=\"_blank\" rel=\"noopener\">Balkonada Facebook oldalt<\/a>, hogy minden \u00fajdons\u00e1gr\u00f3l els\u0151k\u00e9nt \u00e9rtes\u00fclj!<\/p>","type":"rich","thumbnail_url":"https:\/\/balkonada.cafeblog.hu\/files\/2014\/09\/zsuzsanna-150x150.jpg","thumbnail_width":150,"thumbnail_height":150}

Vadszőlőt a balkonra is!

<p>A teraszra szánt növények tervezgetésekor sokan csak az egynyári és a színes virágukkal díszítő növényekben gondolkodnak. Érdemes azonban a kúszónövények között is szétnézni, hisz a gyorsan növő habitusukkal rövid idő alatt látványos eredményeket érhetünk el. A nyáron üde zöldjével, ősszel pedig a csodálatos vörös színű leveleivel díszítő vadszőlőtől sokan ódzkodnak. A népszerűtlenségének oka elsősorban egy tévhit, miszerint tönkreteszi a vakolatot. Valójában a tapadókorongokkal a falra kapaszkodó és gyorsan magasra ágaskodó növény nem rongálja a vakolatot, kivéve, ha a tapadó korongokat erőszakkal leválasztjuk a falról.</p>
<p>&nbsp;</p>
[caption id="attachment_2920" align="aligncenter" width="600"]<a href="https://balkonada.cafeblog.hu/files/2014/09/zsuzsanna.jpg"><img class="wp-image-2920 size-large" src="https://balkonada.cafeblog.hu/files/2014/09/zsuzsanna-600x450.jpg" alt="zsuzsanna" width="600" height="450" /></a> Volszky Zsuzsanna első emeleti erkélye[/caption]
<p>&nbsp;</p>
<p>A repkényszőlőnek is hívott vadszőlőnek több faja ismert. Akár a három, akár az ötlevelű változat mellett döntünk, nyáron és ősszel gyönyörű látványra számíthatunk. Nyáron a lombja természetes árnyékoló és hőszigetelő rétegként szolgál, a lakás belső hőmérsékletét is alacsonyabban tartja.</p>
<p>&nbsp;</p>
[caption id="attachment_2921" align="aligncenter" width="350"]<a href="https://balkonada.cafeblog.hu/files/2014/09/zsuzsanna2.jpg"><img class="wp-image-2921 size-full" src="https://balkonada.cafeblog.hu/files/2014/09/zsuzsanna2.jpg" alt="zsuzsanna2" width="350" height="466" /></a> Volszky Zsuzsanna első emeleti erkélye[/caption]
<p>&nbsp;</p>
<p>Ősszel az elszíneződött levelek csak rövid ideig díszítenek, korán lehullanak. A nyári zöldessárga virágai jellegtelenek, amik  nyár végére kékesfekete terméssé alakulnak. Könnyen alakítható, bátran metszhető.</p>
<p>&nbsp;</p>
<p><a href="https://balkonada.cafeblog.hu/files/2014/09/Marton_091.jpg"><img class="aligncenter size-large wp-image-2922" src="https://balkonada.cafeblog.hu/files/2014/09/Marton_091-600x450.jpg" alt="Marton_091" width="600" height="450" /></a></p>
<p>&nbsp;</p>
<p>Az árnyékos vagy félárnyékos helyet szereti. A bőséges öntözést gyors növekedéssel hálálja meg.</p>
<p>&nbsp;</p>
<p><a href="https://balkonada.cafeblog.hu/files/2014/09/október_046.jpg"><img class="aligncenter size-large wp-image-2923" src="https://balkonada.cafeblog.hu/files/2014/09/október_046-600x450.jpg" alt="október_046" width="600" height="450" /></a></p>
<p>&nbsp;</p>
<p>A levágott szárakból akár egy egyszerű, természetes kopogtatót is készíthetünk az indák összetekerésével. Nem túl tartós, mert a levelek hamar lehullanak, de a szár megszárad és a dísz megtartja formáját.  A levelek lehullása után az alapot további őszi díszek készítéséhez felhasználhatjuk.</p>
<p>&nbsp;</p>
<p><a href="https://balkonada.cafeblog.hu/files/2014/09/Szeptember_020.jpg"><img class="aligncenter size-full wp-image-2925" src="https://balkonada.cafeblog.hu/files/2014/09/Szeptember_020.jpg" alt="Szeptember_020" width="500" height="375" /></a></p>
<p>&nbsp;</p>
<p>&nbsp;</p>
<p><a href="https://balkonada.cafeblog.hu/files/2014/09/Szeptember_033.jpg"><img class="aligncenter size-large wp-image-2929" src="https://balkonada.cafeblog.hu/files/2014/09/Szeptember_033-600x450.jpg" alt="Szeptember_033" width="600" height="450" /></a></p>
<p>&nbsp;</p>
<p>Csodás kék termései fantasztikus dekorációk alapjai lehetnek.</p>
<p>&nbsp;</p>
<p><a href="https://balkonada.cafeblog.hu/files/2014/09/Albert_058.jpg"><img class="aligncenter size-large wp-image-2931" src="https://balkonada.cafeblog.hu/files/2014/09/Albert_058-450x600.jpg" alt="Albert_058" width="450" height="600" /></a></p>
<p>&nbsp;</p>
<p>Nem szeretnél lemaradni a virágos hírekről? Lájkold a <a style="color: #1375d7" title="Balkonada a Facebookon" href="https://www.facebook.com/balkonada" target="_blank" rel="noopener">Balkonada Facebook oldalt</a>, hogy minden újdonságról elsőként értesülj!</p>
